ors of 1080718?
2, 47, 11497
List the prime factors of 12491601.
3, 1201, 3467
What are the prime factors of 6104777?
7, 41, 89, 239
What are the prime factors of 8977411?
17, 43, 12281
List the prime factors of 1341161.
599, 2239
What are the prime factors of 19404292?
2, 4851073
List the prime factors of 2938439.
7, 419777
What are the prime factors of 533226?
2, 3, 181, 491
What are the prime factors of 103607?
7, 19, 41
What are the prime factors of 693106?
2, 346553
List the prime factors of 30944857.
157, 197101
List the prime factors of 19170240.
2, 3, 5, 19, 1051
What are the prime factors of 18392291?
18392291
List the prime factors of 7722248.
2, 557, 1733
What are the prime factors of 12135290?
2, 5, 1213529
List the prime factors of 1160086.
2, 101, 5743
What are the prime factors of 466533?
3, 37, 467
List the prime factors of 138491.
19, 37, 197
What are the prime factors of 143221?
13, 23, 479
What are the prime factors of 1036?
2, 7, 37
List the prime factors of 226640.
2, 5, 2833
List the prime factors of 6188825.
5, 247553
What are the prime factors of 2679876?
2, 3, 74441
List the prime factors of 892078.
2, 11, 23, 41, 43
List the prime factors of 6677799.
3, 103, 21611
What are the prime factors of 2416618?
2, 17, 37, 113
List the prime factors of 30097.
30097
List the prime factors of 1104290.
2, 5, 11, 10039
What are the prime factors of 20364392?
2, 487, 5227
List the prime factors of 1436036.
2, 7, 51287
What are the prime factors of 136353?
3, 7, 43, 151
What are the prime factors of 241754?
2, 120877
List the prime factors of 1223433.
3, 135937
What are the prime factors of 268475?
5, 10739
What are the prime factors of 4405485?
3, 5, 7, 41957
What are the prime factors of 2950654?
2, 7, 210761
What are the prime factors of 10967618?
2, 17, 163, 1979
List the prime factors of 1181655.
3, 5, 8753
What are the prime factors of 3276954?
2, 3, 17, 10709
List the prime factors of 814011.
3, 11, 17, 1451
What are the prime factors of 109859?
109859
List the prime factors of 256124.
2, 11, 5821
List the prime factors of 2698303.
2698303
What are the prime factors of 2032044?
2, 3, 7, 17, 1423
List the prime factors of 27526557.
3, 37, 53, 4679
What are the prime factors of 10718082?
2, 3, 66161
List the prime factors of 632955.
3, 5, 42197
What are the prime factors of 66279?
3, 22093
List the prime factors of 12083557.
12083557
List the prime factors of 1410176.
2, 23, 479
What are the prime factors of 887549?
13, 67, 1019
What are the prime factors of 103923?
3, 1283
What are the prime factors of 8129197?
59, 211, 653
List the prime factors of 4310549.
19, 226871
What are the prime factors of 204424?
2, 11, 23, 101
List the prime factors of 11232240.
2, 3, 5, 17, 2753
List the prime factors of 3540819.
3, 1051, 1123
What are the prime factors of 761499?
3, 211, 401
List the prime factors of 19151359.
163, 293, 401
What are the prime factors of 1051936?
2, 71, 463
List the prime factors of 1172987.
179, 6553
List the prime factors of 3980948.
2, 995237
What are the prime factors of 21378?
2, 3, 7, 509
List the prime factors of 1520829.
3, 23, 31, 79
What are the prime factors of 2139384?
2, 3, 13, 6857
List the prime factors of 1585792.
2, 13, 953
What are the prime factors of 367141?
71, 5171
List the prime factors of 919534.
2, 7, 11, 853
List the prime factors of 7448261.
17, 438133
What are the prime factors of 2502811?
1399, 1789
List the prime factors of 6314378.
2, 7, 17, 43, 617
What are the prime factors of 4614909?
3, 13, 241, 491
What are the prime factors of 566996?
2, 23, 6163
What are the prime factors of 913417?
913417
List the prime factors of 283866.
2, 3, 11, 17, 23
What are the prime factors of 328248?
2, 3, 47, 97
What are the prime factors of 54971?
7, 7853
What are the prime factors of 4815775?
5, 192631
What are the prime factors of 20535759?
3, 2281751
What are the prime factors of 631640?
2, 5, 15791
List the prime factors of 539931.
3, 7, 3673
List the prime factors of 23688805.
5, 7, 31, 3119
What are the prime factors of 441029?
441029
What are the prime factors of 867307?
7, 23, 5387
List the prime factors of 822865.
5, 199, 827
List the prime factors of 551102.
2, 71, 3881
List the prime factors of 1516758.
2, 3, 23, 29, 379
What are the prime factors of 240524?
2, 157, 383
What are the prime factors of 2996308?
2, 7, 113, 947
List the prime factors of 2431152.
2, 3, 16883
What are the prime factors of 10977?
3, 3659
List the prime factors of 86447.
137, 631
List the prime factors of 427721.
7, 29, 43
What are the prime factors of 22073?
22073
List the prime factors of 218174.
2, 11, 47, 211
List the prime factors of 1765310.
2, 5, 176531
What are the prime factors of 432799?
432799
List the prime factors of 18491401.
97, 190633
List the prime factors of 159480.
2, 3, 5, 443
List the prime factors of 4481109.
3, 29, 59, 97
List the prime factors of 1406537.
11, 127867
List the prime factors of 33451.
11, 3041
What are the prime factors of 338395?
5, 67679
List the prime factors of 4518713.
19, 103, 2309
List the prime factors of 5724873.
3, 7, 11, 751
List the prime factors of 5650776.
2, 3, 26161
List the prime factors of 2071899.
3, 25579
What are the prime factors of 1305404?
2, 326351
What are the prime factors of 967267?
7, 138181
What are the prime factors of 1251882?
2, 3, 97, 239
List the prime factors of 4293233.
7, 41, 2137
What are the prime factors of 1525607?
1525607
What are the prime factors of 72200?
2, 5, 19
List the prime factors of 23014.
2, 37, 311
List the prime factors of 358085.
5, 7, 13, 787
What are the prime factors of 88569?
3, 13, 757
What are the prime factors of 20153664?
2, 3, 107, 109
What are the prime factors of 9747806?
2, 4873903
List the prime factors of 304732.
2, 29, 37, 71
What are the prime factors of 68044?
2, 17011
What are the prime factors of 10834450?
2, 5, 11, 19699
What are the prime factors of 37945?
5, 7589
List the prime factors of 11538728.
2, 1442341
What are the prime factors of 807249?
3, 41, 6563
List the prime factors of 847219.
847219
List the prime factors of 9485120.
2, 5, 29641
List the prime factors of 5486951.
71, 109, 709
What are the prime factors of 1033594?
2, 271, 1907
What are the prime factors of 3689012?
2, 53, 17401
What are the prime factors of 8512208?
2, 23, 23131
What are the prime factors of 147842?
2, 29, 2549
What are the prime factors of 4368950?
2, 5, 59, 1481
List the prime factors of 1902399.
3, 23, 79, 349
What are the prime factors of 933392?
2, 58337
What are the prime factors of 2027804?
2, 613, 827
What are the prime factors of 728213?
19, 38327
List the prime factors of 2669113.
1249, 2137
What are the prime factors of 492802?
2, 79, 3119
List the prime factors of 421076.
2, 105269
What are the prime factors of 1016106?
2, 3, 7, 13, 1861
What are the prime factors of 243722?
2, 31, 3931
What are the prime factors of 5295088?
2, 330943
List the prime factors of 25258.
2, 73, 173
List the prime factors of 6877073.
7, 197, 4987
List the prime factors of 597548.
2, 7, 21341
What are the prime factors of 16989494?
2, 17, 499691
List the prime factors of 67462.
2, 89, 379
What are the prime factors of 298556?
2, 101, 739
What are the prime factors of 131904?
2, 3, 229
List the prime factors of 108264.
2, 3, 13, 347
What are the prime factors of 817984?
2, 12781
List the prime factors of 144548.
2, 36137
List the prime factors of 19617487.
107, 139, 1319
List the prime factors of 8970600.
2, 3, 5, 14951
List the prime factors of 1416445.
5, 283289
What are the prime factors of 2648985?
3, 5, 176599
What are the prime factors of 2709831?
3, 443, 2039
What are the prime factors of 384427?
19, 20233
List the prime factors of 6690236.
2, 7, 61, 3917
What are the prime factors of 1998241?
7, 285463
List the prime factors of 295315.
5, 59063
What are the prime factors of 644164?
2, 17, 9473
List the prime factors of 261053.
13, 43, 467
List the prime factors of 10523374.
2, 17, 23, 13457
List the prime factors of 21151925.
5, 101, 8377
List the prime factors of 2284960.
2, 5, 14281
What are the prime factors of 318326?
2, 19, 8377
What are the prime factors of 2789362?
2, 1394681
List the prime factors of 208599.
